atest common divisor of 63 and i?
21
Let h = 1 - -4. Suppose -5*v + 0*v = h*z - 15, 2 = -2*z. Calculate the greatest common factor of 10 and v.
2
Let o be -5 - (-4 + (-3 - -72)). Let t = 187 + o. Calculate the highest common divisor of t and 39.
39
Let y be (4/6)/((-30)/765). Let b = 12 - y. What is the highest common factor of 261 and b?
29
Let s(a) = -69*a. Let i be s(-2). Suppose 3*b - i = -2*g + 267, 0 = g. Let d = b + -87. What is the greatest common factor of 16 and d?
16
Suppose 3*u = 2997 + 7779. Suppose -212 = -s - u. Let f be (-2)/7 - s/70. What is the highest common divisor of f and 6?
6
Let r be (0/1)/(-4)*-1. Suppose r = 2*a - 7*a + 50. Suppose -8*s + a*s = 50. What is the highest common factor of s and 5?
5
Suppose 2*n - 33 = -2*n - c, -c = n - 12. Suppose 4*w - 4*f = 4, -3*w - 2*f - 8 = -n*w. What is the highest common divisor of 6 and w?
3
Suppose -14*v + 117800 = 48*v. What is the highest common divisor of 100 and v?
100
Let g(d) = 4*d**2 - 8*d + 6. Let s be g(3). What is the highest common factor of s and 9?
9
Let m = -47 - -92. Suppose -8*y = -4*y - 144. Suppose 0 = -4*b + y - 0. What is the greatest common factor of b and m?
9
Suppose 3130 = 42*y + 106. Calculate the greatest common factor of 99 and y.
9
Let a be 110/14 - (16 + 339/(-21)). What is the highest common factor of a and 24?
8
Suppose 88*m - 127547 = -5755. Calculate the greatest common factor of 16 and m.
8
Let t = 106 - 50. Suppose 3*k - 33 = -3*g, 2*g + 9 = 2*k - 33. What is the highest common divisor of t and k?
8
Let j be (16/6)/(2/15). Calculate the highest common factor of 50 and j.
10
Suppose -5*i = -4*l + 28, -l - l - 5*i = 16. Suppose 5*s - l = 18. Suppose z = -4*f + 15, f = -s*z - 4*f + 71. What is the greatest common divisor of 133 and z?
19
Suppose 5*b = 25, 0 = -5*n + 2*b + 143 - 53. What is the greatest common factor of n and 32?
4
Let w be (5/((-10)/4))/((-2)/3). Suppose -88 + 193 = w*m. What is the highest common divisor of m and 280?
35
Let t = 57 + -45. Suppose 6 = 3*z + 3*h - t, 4*h = 4*z - 48. What is the highest common divisor of z and 6?
3
Suppose -3*a = -2*v - 6*a + 154, -5*a - 410 = -5*v. Let x be 5 + -5 - (-16)/1. Let l = 26 - x. Calculate the highest common factor of l and v.
10
Let r = -265 - -402. Suppose 2*f - r = -69. What is the greatest common divisor of 170 and f?
34
Let q(s) = s**3 - 2*s - 1. Let f be q(0). Let x be 4 + f - (40/(-4) - -6). What is the greatest common factor of x and 2?
1
Let h(l) = 19*l**3 + 3*l**2 - 2*l. Let f be h(1). What is the highest common divisor of 220 and f?
20
Let l(n) = 2*n**2 + 27*n + 17. Let m be l(-13). Suppose -2*r + 4*k + 29 = -25, -m*r = 3*k - 53. What is the highest common factor of r and 187?
17
Let d be (0 + 20/(-15))*9/(-3). Suppose 5*o = v + 255, -3*o + 4*v - 30 = -d*o. Calculate the highest common factor of 125 and o.
25
Let s be 13 - (5 + (-78)/12)*2. Calculate the highest common factor of s and 136.
8
Suppose 0 = 3*y - 2 - 4. Suppose 4*d = -3*a + 10, 5*d - y = 4*d - a. Let z = d + 6. What is the greatest common factor of z and 70?
10
Suppose -3*a + 47 = -4*j, j = -2*a + 4*j + 32. What is the highest common factor of 91 and a?
13
Let h be (13/(-4) - 7/(-28)) + 69. Let w = -5 + 0. Let t be (h/w)/(4/(-30)). Calculate the greatest common divisor of t and 11.
11
Let n be 6 + (1 + 0)/(-1). Let b(r) be the second derivative of r**4/6 + 5*r**3/6 - r**2 - 26*r. Let u be b(-3). What is the highest common factor of u and n?
1
Suppose -3*m - 30 = -8*m. Let h(c) = 4*c - 2. Let r be h(m). Let p = r + -18. What is the greatest common divisor of 1 and p?
1
Let o = 734 - 435. Calculate the greatest common divisor of 13 and o.
13
Let o be ((-6)/(-4))/(6/232). Suppose -23*k + 28*k + 10 = 0. Let l be ((-1)/k)/((-3)/(-174)). What is the highest common factor of o and l?
29
Suppose -6*x - 98 = -2*q - 4*x, -4*q + 2*x + 202 = 0. Let t be (-4)/(q/(-16) + 3). Let g = 103 - 39. What is the greatest common factor of t and g?
16
Let w(v) = -v + 12. Let q be w(-8). Let a = 23 - q. What is the greatest common factor of a and 1?
1
Let b(p) = 46*p + 146. Let r be b(-3). What is the greatest common divisor of r and 1000?
8
Suppose -14*w + 0*w + 266 = 0. Calculate the greatest common factor of w and 19.
19
Suppose -2*i = -5*i + 693. Let a = -127 + i. Suppose -5*h + 14 = -d - 50, 4*h - 4*d = 48. Calculate the highest common factor of h and a.
13
Let q(r) = 0*r**2 - 2*r**3 - 3 - 2*r - r - 2*r**2 - 6. Let t be q(-4). Suppose 13 = y + 2. What is the greatest common divisor of y and t?
11
Let j(m) = 11*m - 52. Let n be j(5). Suppose n*t = 69 + 171. Calculate the highest common divisor of t and 120.
40
Let s = -1294 - -1358. Calculate the highest common divisor of 88 and s.
8
Let k be -2 + (-666)/(-36)*2/1. Let p(z) = -3*z**3 - 2*z**2 + 2*z. Let v be p(2). Let o = k + v. What is the highest common divisor of 28 and o?
7
Let z(g) = -2*g + 1. Let d be z(3). Let c be (-2)/d + (-36)/(-10). Let i be (-48)/(-2)*(-49)/(-98). Calculate the greatest common factor of i and c.
4
Suppose 4*u + c - 334 = 0, -5*c = 4*u - 63 - 263. What is the highest common factor of u and 196?
28
Suppose -2*p = 5*v - 681 + 6, 2*p + 123 = v. Suppose 2*b - v = 353. Calculate the greatest common factor of 27 and b.
27
Let w = 15 + -15. Suppose -4*l + w = 4. Let q be (-19)/(-3) - l/(-3). What is the highest common divisor of 66 and q?
6
Let t(j) be the first derivative of 62*j**2 + 2*j + 7. Let h be t(1). Suppose -h = -2*m - 4*m. What is the highest common factor of m and 231?
21
Let y(s) = -s - 3. Let w be y(-9). Suppose 288 = w*t + 6*t. What is the greatest common divisor of 12 and t?
12
Let x be (7 + 3)*(-4)/(-10). Let w be 2 - (-8)/(-2) - 6/(-2). Suppose -7 = -2*f + w. Calculate the highest common factor of f and x.
4
Let b = -83 + 71. Let p = b + 22. Calculate the highest common divisor of p and 40.
10
Suppose -5*z = 5*f + 6 - 226, -5*z = -4*f + 131. Suppose -4*h + 133 = w + f, 3*w - 3*h = 342. Calculate the greatest common factor of 10 and w.
10
Let t(g) = g**2 - 5*g - 3. Let m be t(-6). Let w = 24 + -23. Let p be w*(7 + -2 + 2). Calculate the highest common divisor of m and p.
7
Suppose 0*c - 4*c = -112. Suppose 8*y = 3*y + 30. Let v be 46/11 - y/33. Calculate the greatest common factor of v and c.
4
Let p be 5 + 6 - (0 + 0/(-3)). Suppose -4*v + p - 3 = 0. What is the highest common factor of v and 2?
2
Suppose 2*z = -z. Suppose -5*c + z*c = 0. Let d = 9 - c. What is the greatest common divisor of 72 and d?
9
Let c = 457 - 254. What is the highest common factor of 49 and c?
7
Let x(y) be the first derivative of 83*y**3/3 - 2*y - 6. Let r be x(-1). What is the highest common divisor of 27 and r?
27
Suppose 4*i - 3*w = 77, -2*i + w + 88 = 3*i. Suppose i*z = 854 + 302. What is the greatest common factor of 34 and z?
34
Let t(j) = -3*j**2 + 24*j - 6. Let q be t(7). Suppose -q*a = -6*a - 3402. Calculate the greatest common divisor of a and 54.
54
Suppose -20 = -5*t + 60. Let y = 28 + 6. Let g = y + -10. Calculate the greatest common divisor of t and g.
8
Let p(f) = -12*f - 9*f**3 + 16 - 9*f**3 + 17*f**3 + 12*f**2. Let q be p(11). Suppose 0 = -q*x + 4*x + 8. What is the greatest common divisor of x and 64?
8
Let j(w) be the second derivative of w**4/6 + w**3/6 - w**2/2 - 25*w. Suppose -7*a + 16 = -3*a. Let r be j(a). What is the highest common divisor of r and 5?
5
Let y(m) = m**3 - 14*m**2 + 13*m + 11. Let j be ((-78)/(-9))/(2/(-3)). Let g be j/4*1*-4. Let b be y(g). Calculate the highest common divisor of b and 88.
11
Let v = 279 - 216. Suppose -2*z - 31 = -3*y, -5*y + 37 = 6*z - 2*z. Calculate the greatest common divisor of y and v.
9
Suppose -14*m = -15*m + 3*q + 1632, -4*q - 3256 = -2*m. What is the highest common divisor of m and 20?
20
Let x be 243*(4 - (-14)/(-3)) - 3. Let c = -109 - x. Calculate the greatest common factor of 14 and c.
14
Suppose -5*r - 4 = -4*r, 4 = 2*a + r. Let d = -96 - -165. Let g = -37 + d. Calculate the highest common divisor of g and a.
4
Suppose 0 = 3*s + 20*s - 828. What is the highest common divisor of s and 9?
9
Let c(x) = 2*x + 8. Suppose -2*y + 4*a = -32, 0 = 5*y + 3*a - 16 + 1. Let f be c(y). Suppose -6 = 25*o - 206. Calculate the greatest common factor of o and f.
4
Suppose 0 = 3*p - 4*y - 3613, 4*p - 4819 = -10*y 